or of 1035 and 115.
115
What is the greatest common factor of 4117 and 12673?
23
What is the greatest common divisor of 416 and 189332?
52
What is the greatest common divisor of 6358 and 354?
2
What is the highest common divisor of 48 and 1967928?
24
What is the highest common factor of 4014 and 16948?
446
Calculate the highest common factor of 11284 and 676.
52
What is the greatest common factor of 304835 and 205?
205
What is the greatest common factor of 2070 and 375498?
414
What is the highest common factor of 21 and 122185?
7
Calculate the highest common factor of 1180242 and 119.
119
What is the highest common factor of 9632924 and 266?
266
What is the highest common divisor of 50 and 109430?
10
What is the highest common divisor of 6996 and 6048?
12
Calculate the highest common divisor of 81483 and 6.
3
Calculate the highest common divisor of 190 and 45125.
95
What is the highest common factor of 491 and 11293?
491
Calculate the highest common divisor of 395681 and 11.
11
What is the greatest common factor of 2961 and 9534?
21
What is the greatest common divisor of 509309 and 717?
239
What is the greatest common factor of 69 and 2091367?
23
What is the highest common divisor of 13685 and 214795?
595
What is the greatest common divisor of 1544 and 2175496?
1544
Calculate the greatest common divisor of 260130 and 145.
145
What is the highest common factor of 12915 and 5040?
315
What is the greatest common factor of 6308 and 4897?
83
What is the highest common factor of 102 and 2556681?
51
What is the highest common factor of 1511284 and 184?
92
Calculate the highest common divisor of 20 and 4231.
1
What is the greatest common divisor of 1040 and 373568?
208
What is the greatest common divisor of 442 and 2800954?
442
What is the greatest common factor of 1891 and 4209?
61
What is the highest common factor of 1243 and 1837?
11
Calculate the highest common divisor of 875 and 308.
7
Calculate the highest common factor of 20711 and 12963.
149
Calculate the greatest common factor of 4062732 and 1648.
412
Calculate the greatest common divisor of 30128 and 44.
4
What is the greatest common divisor of 9970 and 335989?
997
What is the greatest common factor of 584 and 23652?
292
Calculate the greatest common divisor of 7789341 and 138.
69
What is the highest common factor of 1321110 and 810?
810
Calculate the greatest common factor of 23958 and 16434.
198
Calculate the greatest common divisor of 442 and 102323.
221
What is the highest common divisor of 123445 and 385?
35
What is the greatest common factor of 7105 and 2755?
145
What is the greatest common factor of 458557 and 110?
11
Calculate the greatest common factor of 240 and 11495520.
240
Calculate the greatest common factor of 316 and 156578.
158
What is the highest common factor of 12943 and 5117?
301
What is the greatest common factor of 189528 and 1490?
298
What is the greatest common factor of 1826481 and 1882?
941
Calculate the greatest common divisor of 132 and 94083.
33
What is the highest common factor of 9 and 270486?
9
What is the highest common divisor of 210 and 2422?
14
Calculate the highest common divisor of 39 and 151710.
39
Calculate the greatest common divisor of 2984411 and 23.
23
What is the greatest common divisor of 869 and 913?
11
What is the greatest common divisor of 79686 and 228?
114
What is the highest common divisor of 31 and 18631?
31
What is the greatest common factor of 339 and 1087851?
339
What is the highest common divisor of 8289 and 190033?
307
Calculate the greatest common divisor of 11759 and 1243247.
1069
Calculate the greatest common factor of 13 and 8457384.
13
Calculate the greatest common divisor of 7104 and 91776.
192
Calculate the highest common factor of 24263 and 76.
19
Calculate the greatest common factor of 195 and 70629.
39
What is the highest common factor of 64546 and 6?
2
Calculate the highest common factor of 2298819 and 3.
3
Calculate the highest common divisor of 46070 and 340.
170
Calculate the greatest common factor of 972 and 214569.
243
What is the highest common factor of 579612 and 1056?
132
Calculate the greatest common divisor of 297800 and 80.
40
Calculate the highest common divisor of 200 and 1314860.
20
Calculate the greatest common factor of 151488 and 9205.
263
Calculate the greatest common factor of 49 and 8477.
49
Calculate the greatest common factor of 304 and 3762.
38
What is the highest common factor of 3756 and 5892?
12
What is the highest common divisor of 146804 and 5136?
428
Calculate the highest common factor of 32126 and 3.
1
What is the highest common factor of 9393 and 1922?
31
What is the greatest common divisor of 90120 and 3720?
120
What is the greatest common divisor of 138970 and 1690?
130
Calculate the greatest common factor of 192 and 15112.
8
Calculate the greatest common factor of 27 and 5054211.
27
What is the highest common factor of 1786 and 3686?
38
What is the highest common divisor of 143 and 206362?
13
Calculate the highest common divisor of 13861 and 1992.
83
What is the highest common factor of 6825 and 945?
105
Calculate the highest common factor of 14868 and 3402.
126
Calculate the greatest common factor of 176 and 5584.
16
Calculate the greatest common divisor of 177 and 478254.
177
Calculate the highest common factor of 901 and 64289.
53
Calculate the highest common divisor of 76 and 710068.
76
What is the highest common factor of 4951710 and 5948?
2974
What is the highest common divisor of 7 and 591311?
7
What is the highest common divisor of 1159648 and 248?
248
What is the highest common factor of 470666 and 70?
14
What is the highest common factor of 22464 and 59328?
576
Calculate the highest common divisor of 91278 and 99.
99
What is the highest common divisor of 176 and 19778?
22
What is the highest common divisor of 26884 and 12?
4
What is the highest common divisor of 137965 and 369?
41
Calculate the highest common divisor of 35205 and 60.
15
What is the greatest common factor of 171 and 134729?
19
Calculate the greatest common factor of 29026 and 46.
46
What is the greatest common divisor of 33017 and 1507?
137
Calculate the highest common factor of 69993 and 301081.
1111
Calculate the highest common factor of 1585 and 1000.
5
Calculate the highest common factor of 4 and 4213.
1
What is the highest common divisor of 158725 and 525?
175
What is the highest common factor of 64 and 8784?
16
What is the greatest common divisor of 34741 and 343?
49
What is the highest common divisor of 27376 and 944?
944
Calculate the greatest common factor of 70395 and 114.
57
Calculate the greatest common factor of 4851 and 21483.
693
What is the greatest common factor of 19599 and 611?
47
Calculate the highest common divisor of 375 and 6585.
15
What is the highest common divisor of 3303610 and 340?
170
What is the greatest common divisor of 94 and 219208?
94
What is the greatest common divisor of 380 and 785?
5
Calculate the highest common factor of 1051224 and 24.
24
What is the greatest common factor of 343329 and 63?
21
Calculate the greatest common factor of 2256 and 4107330.
282
What is the greatest common divisor of 18256 and 8150?
326
What is the highest common factor of 53010 and 1530?
90
What is the highest common factor of 36 and 34137?
9
Calculate the highest common factor of 1352 and 72.
8
Calculate the highest common divisor of 25800 and 1524.
12
Calculate the greatest common divisor of 1364 and 2004398.
682
Calculate the greatest common factor of 32482 and 1199.
109
What is the greatest common divisor of 1535 and 14045?
5
What is the greatest common divisor of 3692 and 2236?
52
Calculate the greatest common divisor of 78 and 690.
6
What is the greatest common divisor of 539 and 1158899?
49
Calculate the highest common factor of 13312 and 6400.
256
Calculate the greatest common factor of 16 and 719036.
4
Calculate the greatest common factor of 916140 and 20.
20
Calculate the highest common factor of 6414785 and 65.
65
Calculate the greatest common factor of 140462 and 2212.
1106
What is the highest common factor of 1862922 and 36?
6
What is the greatest common factor of 1353092 and 104?
52
What is the highest common divisor of 45726 and 18?
6
Calculate the highest common divisor of 17